t common divisor of 33652 and 184804.
188
Calculate the highest common factor of 4 and 11001412.
4
What is the greatest common divisor of 28733635 and 595?
35
What is the highest common factor of 8730 and 775458?
18
What is the greatest common factor of 24160 and 6522445?
755
Calculate the greatest common divisor of 5216 and 13012.
4
Calculate the greatest common divisor of 33535 and 3611805.
95
What is the greatest common divisor of 75000 and 5052?
12
Calculate the greatest common factor of 253739 and 150321.
89
Calculate the greatest common divisor of 3 and 25448708.
1
Calculate the greatest common factor of 12 and 10916908.
4
What is the highest common divisor of 9264829 and 7847?
413
Calculate the highest common factor of 228 and 873900.
12
Calculate the greatest common factor of 7189 and 1098653.
79
What is the greatest common factor of 21960 and 45360?
360
Calculate the greatest common divisor of 45965 and 998035.
145
Calculate the highest common factor of 376 and 2623640.
8
What is the greatest common factor of 3692091 and 25584?
1599
What is the highest common divisor of 621 and 563187453?
69
Calculate the greatest common factor of 375956 and 38570.
406
What is the highest common divisor of 135232 and 47166386?
4226
What is the greatest common factor of 2191036 and 3589?
97
Calculate the greatest common factor of 6429816 and 264.
24
Calculate the highest common divisor of 494 and 64168.
26
Calculate the highest common divisor of 308975 and 44347.
727
Calculate the highest common factor of 244189 and 209429.
869
What is the greatest common divisor of 67738330 and 40?
10
Calculate the greatest common factor of 98535136 and 84952.
2296
Calculate the highest common factor of 12547476 and 1968.
492
What is the greatest common factor of 1345215 and 480?
15
What is the highest common factor of 367600067 and 269?
269
What is the highest common divisor of 667745 and 65?
65
What is the greatest common factor of 322 and 2726857?
161
What is the greatest common divisor of 99155 and 140?
35
What is the highest common divisor of 1879 and 397271333?
1879
Calculate the highest common factor of 44255 and 17013.
53
What is the greatest common divisor of 18560 and 4232695?
145
Calculate the highest common factor of 773 and 307481621.
773
Calculate the greatest common divisor of 1327227 and 44067.
111
Calculate the highest common divisor of 384 and 13573200.
48
Calculate the highest common factor of 854763 and 469092.
1209
What is the highest common factor of 126644 and 240994486?
9046
Calculate the highest common divisor of 943 and 545177.
41
What is the highest common divisor of 1968624 and 42768?
1296
What is the highest common factor of 43848 and 74298?
1218
What is the greatest common divisor of 1729 and 23735180?
133
What is the greatest common factor of 32588518 and 1661?
151
Calculate the greatest common divisor of 1458345 and 2146335.
4845
What is the highest common divisor of 37854 and 1537994?
1402
What is the highest common divisor of 69 and 96137263?
23
Calculate the greatest common factor of 393689 and 1387.
73
Calculate the highest common divisor of 17562 and 702526832.
5854
Calculate the greatest common factor of 138 and 4834818.
6
Calculate the greatest common divisor of 1756 and 3845201.
439
What is the greatest common factor of 2301 and 12532662?
177
What is the greatest common factor of 1569296 and 4240?
16
Calculate the highest common divisor of 258 and 418152468.
258
What is the greatest common factor of 480 and 66947280?
240
What is the greatest common divisor of 13920 and 17300?
20
What is the highest common divisor of 3913 and 9853235?
301
Calculate the greatest common divisor of 177870 and 7140.
210
Calculate the greatest common factor of 286737693 and 363.
363
What is the highest common divisor of 675 and 2908170?
135
What is the greatest common divisor of 420664902 and 14?
14
What is the greatest common divisor of 1967 and 38065103?
281
What is the highest common factor of 370975 and 7400?
25
Calculate the greatest common factor of 381490759 and 38.
19
Calculate the highest common factor of 10318 and 25762.
22
What is the greatest common factor of 11 and 25297767?
11
Calculate the highest common factor of 5064 and 110952.
24
What is the highest common divisor of 130078844 and 56?
28
What is the highest common factor of 12404 and 12961294?
886
Calculate the greatest common divisor of 302628 and 44.
4
Calculate the highest common factor of 15532 and 207917.
353
Calculate the greatest common divisor of 3692 and 1400617.
71
What is the highest common factor of 455 and 1817543?
91
Calculate the greatest common factor of 45010084 and 5236.
476
What is the greatest common divisor of 374 and 251141?
187
What is the highest common divisor of 34206235 and 6239?
367
What is the greatest common divisor of 13 and 3373414213?
13
Calculate the greatest common divisor of 11662 and 23639.
7
What is the highest common divisor of 14819364 and 630?
126
Calculate the greatest common divisor of 39543 and 151263.
147
Calculate the highest common factor of 2510 and 33777070.
2510
Calculate the greatest common factor of 57 and 82918489.
19
Calculate the highest common divisor of 94289533 and 171.
19
What is the greatest common factor of 4929589257 and 797?
797
Calculate the highest common factor of 120666658 and 3356.
1678
What is the highest common factor of 584 and 156803708?
292
Calculate the greatest common factor of 585 and 546545025.
585
What is the greatest common factor of 29 and 816147?
29
What is the highest common factor of 4564 and 499525236?
4564
What is the highest common divisor of 1758070 and 13946?
38
What is the highest common factor of 1552 and 4865132?
388
Calculate the highest common factor of 6422 and 1538069.
3211
What is the highest common factor of 585 and 477778275?
585
What is the greatest common factor of 24638100 and 8160?
1020
Calculate the greatest common divisor of 7175848 and 12524.
404
Calculate the greatest common factor of 47264 and 167773907.
1477
What is the greatest common divisor of 204198 and 486?
6
Calculate the greatest common divisor of 48262144 and 293888.
7168
What is the greatest common factor of 612 and 81760?
4
What is the greatest common factor of 41 and 5892602?
41
What is the greatest common divisor of 3962317 and 30495?
2033
Calculate the greatest common factor of 19104 and 455600.
16
Calculate the greatest common factor of 128865 and 14505.
15
What is the highest common divisor of 3893125 and 5000?
625
What is the greatest common divisor of 6519 and 971598279?
6519
What is the greatest common divisor of 4401 and 319329?
27
What is the greatest common factor of 523165 and 27170?
95
Calculate the greatest common divisor of 48100575 and 166.
83
Calculate the greatest common divisor of 1 and 449228023.
1
What is the greatest common divisor of 226 and 10240399?
113
Calculate the highest common divisor of 9198088 and 272.
136
Calculate the highest common factor of 286646640 and 210.
210
Calculate the highest common divisor of 99125 and 403637.
793
What is the highest common divisor of 477 and 1525499?
53
Calculate the greatest common divisor of 46 and 22171379.
23
What is the highest common divisor of 76850480 and 21460?
740
Calculate the greatest common factor of 8733374 and 12336.
514
What is the highest common factor of 206353 and 295897?
287
Calculate the highest common divisor of 2891 and 5427233.
413
What is the greatest common factor of 14 and 73433374?
14
Calculate the highest common factor of 24416 and 11956.
28
Calculate the highest common divisor of 5265 and 691015.
65
What is the highest common factor of 3285 and 118395?
45
What is the greatest common factor of 2635458 and 969017?
3353
What is the greatest common factor of 532899 and 44064?
1377
Calculate the greatest common divisor of 827249 and 469.
67
Calculate the highest common factor of 11860347 and 14064.
879
What is the highest common divisor of 30626550 and 675?
225
What is the greatest common factor of 50468 and 90594152?
1364
What is the greatest common divisor of 16392074 and 218?
218
What is the highest common factor of 11609 and 34567?
13
What is the greatest common factor of 156 and 452958?
6
Calculate the highest common fa